vided by c?
7
Let k = -4 + 4. Let j be 1*5 + -2 + k. Suppose 5*b - q = j*q + 61, 2*b - 3*q = 23. Calculate the remainder when 24 is divided by b.
11
Suppose -12 = 2*c + 2*c. Let d be -86 + (3 - (-12)/c). Let k = d - -148. What is the remainder when k is divided by 21?
19
Suppose 4*b + b = -4*q + 50, 2*q - 5*b - 40 = 0. Calculate the remainder when 57 is divided by q.
12
Suppose 0*s - 9 = -d + 3*s, -4*d - 3*s = -66. Suppose 5*z + 2*h - 38 = 0, -3*h - h - 44 = -5*z. What is the remainder when d is divided by z?
7
Let w(b) = -b**3 - 22*b**2 + 20*b - 31. What is the remainder when 110 is divided by w(-23)?
34
Let l = 48 + -22. What is the remainder when 125 is divided by l?
21
Suppose -4*w = -34 + 6. Suppose -a - 4*j = 3*a + 8, 0 = -2*a - 5*j - 19. Calculate the remainder when w is divided by a.
1
Let l(k) = k - 1. Let q be l(5). Suppose -p + 17 = -q*n - 4, n = 4*p - 99. What is the remainder when p is divided by 7?
4
Suppose 0 = -0*s - 5*s + 320. Let b = s + -27. Calculate the remainder when b is divided by (2/1 + -1)*10.
7
Let n(u) = -u**3 - 6*u**2 + 3*u - 5. What is the remainder when 45 is divided by n(-7)?
22
Let q = -5 + 20. Suppose -5*m + 252 = 52. Suppose -5*n + m + 0 = 0. Calculate the remainder when q is divided by n.
7
Let t = -5 - -7. Let r be ((-3)/(-2))/(t/4). What is the remainder when 2/r - (-148)/12 is divided by 4?
1
What is the remainder when (5*5)/((-1)/(-2)) is divided by 17?
16
Let a be (2/5)/(7/35). Suppose b + b - a*v = 2, -2 = -2*b + 5*v. Calculate the remainder when b is divided by 1.
0
What is the remainder when 8 is divided by -4*(-4)/16*6?
2
Let j = 26 - 13. Calculate the remainder when 38 is divided by j.
12
Suppose -2*f = -3*f - 5*b - 10, 0 = 4*f - 5*b - 85. Let d(j) = j. Let a be d(-4). Let z(l) = -6*l + 5. What is the remainder when z(a) is divided by f?
14
Let w(q) = q**2 + 5*q - 11. Let n be w(-8). Let z = 22 + n. Calculate the remainder when z is divided by 12.
11
Let p = 7 + -7. Calculate the remainder when 2 + (0 - p - -29) is divided by 17.
14
Suppose 11*g - 133 = 4*g. Suppose 0 = -6*t + 3*t + 33. Calculate the remainder when g is divided by t.
8
What is the remainder when 66 is divided by (-522)/(-21) + (-2)/(-14)?
16
Let j be 897/26 + (-6)/4. Let s = 6 + j. Calculate the remainder when s is divided by 14.
11
Let w(o) = -10*o**2 - 6*o - 2. Let y(g) = -g**2. Let m(f) = -w(f) + 8*y(f). What is the remainder when m(-6) is divided by 20?
18
Let t(o) = 2*o**3 - 10*o**2 + 8*o - 10. What is the remainder when t(6) is divided by 29?
23
Let q(o) = o + 13. Let r be 1*(1 + 1 + -2). Calculate the remainder when ((-37)/(-4))/(2/8) is divided by q(r).
11
Let m(z) = z**2 + z + 1. What is the remainder when m(-2) is divided by (-2)/(-4) - -1*2/4?
0
Let y(z) = z**2 - 5*z - 5. What is the remainder when 34 is divided by y(7)?
7
Let m(x) = -x**2 + x + 33. Calculate the remainder when m(0) is divided by 12.
9
Let d = -1 + 12. What is the remainder when 15 is divided by d?
4
Suppose 3*n - 4*y - 6 = -0*y, -6 = -3*n + 3*y. Suppose 0 = -2*u - n. Let c = u + 6. Calculate the remainder when 13 is divided by c.
3
Let v(b) = -8*b**2 + b + 1. Let l be v(1). What is the remainder when -1*l/2 - -30 is divided by 9?
6
What is the remainder when 188 is divided by (-4 + 6)*(13 + 3)?
28
Calculate the remainder when 57 is divided by 0 + 3 - (-12)/8*6.
9
Suppose 70 = 5*t - 40. Suppose -248 = -4*i + 92. Calculate the remainder when i is divided by t.
19
Suppose 5 - 81 = -m. Suppose v = 5*v - m. Calculate the remainder when (-4 + (-6)/(-5))*-20 is divided by v.
18
Let k = -3 - -5. Suppose 7*v + 0*v = 21. Suppose 0*a - 12 = -v*a. Calculate the remainder when a is divided by k.
0
Suppose -5*m = 3*k - 57, -4*m + k + 19 = -13. What is the remainder when 12 is divided by m?
3
Let q = 20 - -24. Let n = -36 + 59. What is the remainder when q is divided by n?
21
Suppose 3*s = -2*s + 2*h + 100, -5*s + 4*h + 110 = 0. Let f be (-4)/s - 1442/(-9). Suppose -w + 5*w = f. What is the remainder when w is divided by 14?
12
Let h = 74 - 41. Calculate the remainder when 129 is divided by h.
30
Let b = 11 - 8. Let d be ((-27)/(-6))/3*2. Suppose -j = b*i + 2*i - 26, d*i = 5*j + 10. What is the remainder when 9 is divided by i?
4
Let i(b) = -4*b - 1. Let a(q) = 21*q + 16. Let r(v) = 7*v + 5. Let g(y) = -3*a(y) + 8*r(y). Calculate the remainder when g(-5) is divided by i(-4).
12
Let j(z) = -2*z + 13. Let v be j(6). Let r(n) = -n**2 - 6*n - 5. Calculate the remainder when -4 + v - -2 - -11 is divided by r(-4).
1
Suppose -2*k + 27 = 2*y + 7, 4*k = 3*y + 26. Suppose 3*n + 4*j + 156 = k*n, -n + 37 = 5*j. Calculate the remainder when n is divided by 11.
10
Let f(n) = n + 7. Suppose 0*b - b - 17 = u, 65 = -4*u - 3*b. What is the remainder when f(-4) is divided by ((-21)/u)/((-1)/(-2))?
0
Suppose o = -o + 42. Let m(x) = -4*x + 2 + 3 + 5*x - 3. Calculate the remainder when o is divided by m(9).
10
Let q = 16 - 12. Suppose -56 = -q*w + 2*w. Calculate the remainder when w is divided by 10.
8
Let o = 23 + -16. Let k(z) = -z**3 - 4*z**2 + 2. Let b be k(-4). Suppose 6 = b*f - 0*f. What is the remainder when o is divided by f?
1
Suppose s + 2*n + 45 = -9, 2*n + 118 = -2*s. What is the remainder when 53 is divided by s/12*(-21)/4?
25
Let s = 171 + -152. What is the remainder when 90 is divided by s?
14
What is the remainder when 36 is divided by -2 - 1*(1 - 22)?
17
Suppose 3*y = 2*r - 18, 2*y - 3 = -11. Suppose -2*f + 39 = 2*x + r*x, -12 = -f - x. Calculate the remainder when 17 is divided by f.
3
Suppose 8 - 24 = 4*m, 3*m = 5*w + 3608. Let u be 6/(-27) - w/18. Suppose 0*n = 2*n - u. What is the remainder when n is divided by 11?
9
Suppose 0 = 5*v + 24 - 9. Calculate the remainder when 19 is divided by (10/v)/((-2)/6).
9
Suppose o + 8 = -o. Let b be 1/o + 12/(-16). Calculate the remainder when 1 + 2 + 0 - b is divided by 3.
1
Let r(d) = 5*d - 15. What is the remainder when r(7) is divided by 10 - (-2)/4*2?
9
Let w(m) be the third derivative of 1/20*m**5 - 1/120*m**6 + 1/6*m**4 + 0*m + 0 - m**2 + 1/2*m**3. What is the remainder when 57 is divided by w(-2)?
12
Let r = 3 + -5. Calculate the remainder when (r - -4*7) + -1 is divided by 9.
7
Calculate the remainder when (-3 - (-26 - -5))/(1 - 0) is divided by 11.
7
Let a = -89 - -94. Calculate the remainder when 7 is divided by a.
2
Suppose 0*o + 117 = 2*o - 3*v, -o - 3*v = -36. Calculate the remainder when o is divided by 18.
15
Let j(l) = 2*l**2 + l. Let o(a) = -5*a**3 - 4*a**2 - 5*a - 3. Let z be o(-3). Suppose 4*f - z = f. Calculate the remainder when f is divided by j(2).
7
Suppose 4*z = 6*z - 58. Calculate the remainder when 56 is divided by z.
27
Let r(t) = 9*t - 1. Let d be r(1). What is the remainder when (0 - 30/9)*-3 is divided by (-2)/d - (-17)/4?
2
Let s(d) = -4*d**3 - 3*d**2 + 2. What is the remainder when s(-2) is divided by 8?
6
Suppose q - 2*q + 3 = 0. Let h(n) = -n**3 + 3*n**2 + 5*n - 3. What is the remainder when h(q) is divided by 5?
2
Let c(i) = -i**3 + 7*i**2 - 5*i - 3. Suppose 0 = -4*d - 0*d. Suppose d = -0*w + 5*w - 25. What is the remainder when c(w) is divided by 6?
4
Let n(q) = q**2 + 10*q + 1. What is the remainder when n(-12) is divided by 9?
7
Let p(n) = n**3 + 8*n**2 - 11*n - 9. Let m(q) = q**2 - 4*q + 7. Let t be m(5). Suppose t = -2*v - 6. Calculate the remainder when 25 is divided by p(v).
7
Let v = -9 - -20. Let c(f) = -f**2 + f + 4. Let r be c(0). Calculate the remainder when v is divided by (2 - (-1)/(-2))*r.
5
Suppose -2*r + 5*l = 0, 2*l - 4 = r - 5. Let m = 147 - 95. Suppose -a + z = -24, 3*z - r*z + m = 2*a. What is the remainder when a is divided by 13?
12
Calculate the remainder when (2/6)/((-6)/(-1098)) is divided by 21.
19
Suppose -20 = -4*b + 2*b. Calculate the remainder when 47 is divided by b.
7
Calculate the remainder when 43 is divided by 8 + (-1)/((-3)/9).
10
Suppose -2*j - x = -77, -5*j + 2*x + x + 220 = 0. What is the remainder when j is divided by 11?
8
Let k = 17 + -3. Let l(u) = u**3 - 13*u**2 - 13*u - 6. Let v be l(k). Suppose w + w - v = 0. Calculate the remainder when 9 is divided by w.
1
Suppose 0 = 5*m - 3*f - 218, 24 - 148 = -3*m - 5*f. What is the remainder when 165 is divided by m?
36
What is the remainder when 2 is divided by 1*(3 + -2 + 0)?
0
What is the remainder when 